{"id":493,"date":"2021-07-31T18:50:04","date_gmt":"2021-07-31T18:50:04","guid":{"rendered":"http:\/\/anima-libera.de\/?page_id=493"},"modified":"2024-10-25T14:00:22","modified_gmt":"2024-10-25T14:00:22","slug":"ausgleich","status":"publish","type":"page","link":"http:\/\/www.hypnotherapie-heilkunde.de\/?page_id=493","title":{"rendered":"Ausgleich"},"content":{"rendered":"\n<p>F\u00fcr meine Behandlungen erlaube ich mir folgenden Ausgleich<\/p>\n\n\n\n<ul class=\"wp-block-list\">\n<li>Hypnotherapie 50 min = 115 \u20ac<\/li>\n\n\n\n<li>Reiki Behandlung 50 min = 85 \u20ac<\/li>\n\n\n\n<li>Heilpraktikerleistung 50 min = 95 \u20ac<\/li>\n\n\n\n<li>Akupunktur = 85 \u20ac<\/li>\n\n\n\n<li>Raucherentw\u00f6hnung gesamt ( ~ 4 Std ) = 450 \u20ac<\/li>\n\n\n\n<li>Infusionstherapie = 85 \u20ac<\/li>\n<\/ul>\n\n\n\n<p>Karten oder Barzahlung <br>Rechnung nach Geb\u00fcH Heilpraktiker m\u00f6glich<\/p>\n\n\n\n<p><\/p>\n","protected":false},"excerpt":{"rendered":"<p>F\u00fcr meine Behandlungen erlaube ich mir folgenden Ausgleich Karten oder Barzahlung Rechnung nach Geb\u00fcH Heilpraktiker m\u00f6glich<\/p>\n","protected":false},"author":3,"featured_media":0,"parent":0,"menu_order":0,"comment_status":"closed","ping_status":"closed","template":"","meta":{"footnotes":""},"class_list":["post-493","page","type-page","status-publish","hentry"],"_links":{"self":[{"href":"http:\/\/www.hypnotherapie-heilkunde.de\/index.php?rest_route=\/wp\/v2\/pages\/493","targetHints":{"allow":["GET"]}}],"collection":[{"href":"http:\/\/www.hypnotherapie-heilkunde.de\/index.php?rest_route=\/wp\/v2\/pages"}],"about":[{"href":"http:\/\/www.hypnotherapie-heilkunde.de\/index.php?rest_route=\/wp\/v2\/types\/page"}],"author":[{"embeddable":true,"href":"http:\/\/www.hypnotherapie-heilkunde.de\/index.php?rest_route=\/wp\/v2\/users\/3"}],"replies":[{"embeddable":true,"href":"http:\/\/www.hypnotherapie-heilkunde.de\/index.php?rest_route=%2Fwp%2Fv2%2Fcomments&post=493"}],"version-history":[{"count":13,"href":"http:\/\/www.hypnotherapie-heilkunde.de\/index.php?rest_route=\/wp\/v2\/pages\/493\/revisions"}],"predecessor-version":[{"id":698,"href":"http:\/\/www.hypnotherapie-heilkunde.de\/index.php?rest_route=\/wp\/v2\/pages\/493\/revisions\/698"}],"wp:attachment":[{"href":"http:\/\/www.hypnotherapie-heilkunde.de\/index.php?rest_route=%2Fwp%2Fv2%2Fmedia&parent=493"}],"curies":[{"name":"wp","href":"https:\/\/api.w.org\/{rel}","templated":true}]}}